composite?
True
Let f(o) = 842*o - 11. Let g be f(11). Suppose 4*b + 4*n - n = g, 5*n = -3*b + 6952. Is b prime?
True
Let s be -14 - ((-5)/((-25)/10) + 2). Is 22/(-99) + (-4810)/s a prime number?
False
Let c be 14/84*-154 + ((-22)/(-6) - 3). Let h(m) = -11*m - m**2 + 3*m**2 - 16 - 44*m. Is h(c) a composite number?
False
Let h(l) = 1293*l**2 + 56*l + 38. Is h(-9) prime?
False
Suppose -18*c = 2*g - 15*c - 940897, -5*g + 5*c = -2352180. Is g a prime number?
False
Let y = 17040 + -9470. Let l = y + -4436. Let s = 5953 - l. Is s prime?
True
Let y(d) = 72*d + 78. Let t(l) = -24*l - 26. Let a(p) = 11*t(p) + 4*y(p). Let h be a(6). Suppose -h = -x + 1121. Is x a composite number?
False
Let o be 2 + 48/(-22) - 340/(-55). Suppose o*l - 49 = -l. Suppose l*h - 3180 = -5*h. Is h composite?
True
Let z be 32/(-40)*(2 - 9/2). Suppose k + 14774 = z*g, -22156 = -2*g - g + 4*k. Suppose b = -q + 2939, 4378 + g = 4*q - b. Is q a composite number?
True
Suppose 0 = -5*m + 5*z + 677610, 437*m - 431*m + z - 813083 = 0. Is m a prime number?
False
Let d = 368 + -350. Suppose 0*i = d*i - 2934. Is i prime?
True
Suppose 2*n + 9*r = 8*r, -n + 5*r + 22 = 0. Is (-30)/(-10) + (0 - -1165*n) a composite number?
False
Let z = -588 + 602. Is -2 - 13937/z*-6 a prime number?
False
Let y = -10591 + 101822. Is y prime?
False
Suppose -4*f - 99 = 1185. Let l be 560/12*(6 + (-30)/(-8)). Let w = l + f. Is w a composite number?
True
Let g = -15771 - -77317. Is g composite?
True
Let v = -24 - 411. Let l = -398 - v. Is l a composite number?
False
Suppose -5*t - 8*h + 199690 = 0, 47 - 72 = 5*h. Is t prime?
False
Let l = -46711 + 160128. Is l a prime number?
True
Let y(c) = -200*c - 99. Let h(q) = q**3 - 3*q**2 - 2*q - 12. Let i be h(4). Is y(i) composite?
False
Let s = 29 + -24. Suppose s*p - 4*b + 16 = 0, 0 = 4*p - 3*b + 17 - 5. Suppose p = 12*r - 16*r + 308. Is r composite?
True
Let k be ((-3465)/49)/1 + 2/(-7). Let a be (0 + (-6)/(-8))*(67 + k). Is 986/a*3/(-2) composite?
True
Is ((-1941018)/(-21))/(252/882) prime?
False
Is (-61)/((-38)/(-532) - 2007/27902) composite?
True
Let j = -631686 - -1099871. Is j a prime number?
False
Let m = 52 + -31. Let o = -19 + m. Let b(p) = 129*p**3 + p**2 - 4*p + 3. Is b(o) a composite number?
False
Suppose -1382 = -4*x + 1950. Let z = 3639 + -2469. Let j = z - x. Is j prime?
True
Suppose 11*f = 8*f - 5*a - 76718, 4*f + 2*a = -102314. Is 0 - (8 - f/(-3)) a composite number?
True
Suppose -2*o = k + 5, -k = 3*o + o + 9. Is (-1356)/o - (3 - (-4 - -2)) a composite number?
False
Is 2839/(-119) + 23 - ((-39762678)/21 - -3) a prime number?
True
Is (3/15*-403885)/(1*-1) a prime number?
True
Let s be (-53)/4 - (-7)/28. Is 1066 + 13 - s - (0 - -5) a composite number?
False
Suppose 3*v + 84541 = 5*o - 282208, 5*v + 293394 = 4*o. Is o a composite number?
False
Suppose -4 = -3*c + 5. Let u(t) = -1010*t + 2. Let w be u(-21). Suppose -7*r = -c*r - w. Is r a prime number?
True
Let b(f) = -f**2 + 2*f. Let t be b(2). Let v be (t - 4/(-12))/((-1)/(-9)). Is 3029/v + (-8)/12 a prime number?
True
Let t = -1083 + 1738. Let f = 1302 - t. Is f prime?
True
Let b(i) = i**2 - 2*i - 4. Let s be b(-2). Suppose 0 = c - k - 768, -3*k + 5109 = s*c + 2065. Suppose 5*r - c = 3*r. Is r composite?
True
Let x(h) = 9*h - 19. Suppose -5*o + 18 = w, -2*w - 2*w = o - 15. Suppose -o*l - 5 + 35 = 0. Is x(l) prime?
True
Let c be (2 - 0)/(2 + -4). Let j(v) = 20*v + 47. Let z be j(-5). Is 5*z*c + 0 composite?
True
Let r be 649/4 + 2/(-8). Suppose 783 - r = 3*u. Suppose -2*x + u = -427. Is x prime?
True
Let a = 1539516 - 792851. Is a prime?
False
Let w = 262 - 257. Suppose 3*i = w*i - 10594. Is i composite?
False
Let a = -961 + 1581. Let w = a - -4131. Is w a prime number?
True
Suppose 7 = 4*c + 7. Suppose -3*u = -3*y - 9, -u + c = 3*y - 3. Suppose -n - 8200 = -5*n + s, y = -n - 2*s + 2059. Is n a composite number?
True
Let c(k) = -2*k**2 + 106*k + 38. Let n(t) = -4*t**2 - 32*t - 16. Let h be n(-6). Is c(h) a composite number?
True
Let r(i) = 18*i**3 + 7*i**2 + 16*i + 24. Let w(p) = 19*p**3 + 6*p**2 + 17*p + 25. Let k(l) = -5*r(l) + 4*w(l). Is k(-7) a prime number?
True
Let t be (34 + 1)*(7 - 6). Let u = -37 + t. Let r(h) = 101*h**2 - h + 3. Is r(u) a prime number?
True
Suppose -72*m + 1960506 = 97*m - 1270943. Is m prime?
True
Let s(c) = -7*c + 14. Let j be s(6). Let f = 28 + j. Suppose f = 4*v - 2*v - 418. Is v a prime number?
False
Suppose 69*x = 2178851 + 5622496. Is x a prime number?
True
Suppose 121*a - 68*a = 9025741. Is a composite?
True
Suppose -2*b + 5 = f, 0 = 6*f - 3*f - 15. Let x(w) = -4*w + 9. Let r be x(b). Is (((-9036)/(-16))/r)/((-2)/(-8)) a prime number?
True
Let p be (68/51)/(6/(-45) + 0). Let c(o) = -1603*o - 61. Is c(p) composite?
True
Let s be -12*(26/39)/(-1 + -1). Suppose s*b = 5*f + 17, -4*f + f = -5*b + 5. Is (211/3)/(f/(-75)) composite?
True
Suppose -5*c + 2 + 38 = 4*k, 17 = k + 3*c. Suppose 0*g = k*g + 25, 4*f = 2*g + 45254. Is f a composite number?
False
Let o be ((714/(-98))/(-17))/(1/7). Suppose 0 = o*i + 9, s - 3824 = -4*i + 7805. Is s a prime number?
False
Let b be (-295)/(-20) + 2 + (-6)/8. Suppose -b = -3*u - 694. Is u*(-4 + 14/4) a composite number?
False
Let i = -57139 + 98698. Suppose -6*l + i = 12633. Is l a prime number?
False
Suppose 5*r - 3*i - 43 = -10, 0 = -3*r - 5*i + 47. Let v(m) = m**3 + 3*m**2 - 3*m - 8. Let o be v(r). Suppose -8829 = -4*d - o. Is d a prime number?
True
Let o = 54657 + 28760. Is o a prime number?
True
Let s(y) = 58*y**3 + 35*y**2 + 47*y - 11. Is s(12) a prime number?
True
Suppose 5*v = -5*p + 1465, 5*p - 94 = -2*v + 492. Let i be 71/(0 + 2 + -1). Suppose 4*m - v = i. Is m a prime number?
False
Let v(z) = -830*z**2 - 14*z - 24. Let p be v(-4). Let y = -4147 - p. Is y composite?
True
Suppose 2*v - 5573554 = -96*v. Is v a prime number?
True
Suppose 2*o + 2*x = 169188, 0 = -4*o + x + 453644 - 115273. Is o prime?
False
Let k(m) = 18927*m + 5077. Is k(26) composite?
True
Suppose 1444 = 3*y - 21239. Is y composite?
False
Let v(k) = 172944*k**3 + 2*k**2 + 41*k - 44. Is v(1) a composite number?
True
Suppose -m - 14 = -16. Suppose m + 26 = 4*s. Suppose -s*p + 2*p = -3515. Is p prime?
False
Let b be (-14)/(-4) - (-8165)/(-142). Is 1*(-8)/(-36) + (-703662)/b prime?
False
Let s = -122 - -113. Let c be (51 + 0/(-3))/(s/6). Is c/255 + 7307/15 prime?
True
Let g = 731862 + 929449. Is g composite?
False
Let f(w) = 106*w**2 + 0 - 1 - 3*w + 4 - 2. Is f(2) composite?
False
Is 159844/10*910/364 prime?
False
Suppose -4861554 = -72*w + 7044438. Is w composite?
True
Let i = -326 + 411. Suppose -i*f + 839 = -84*f. Is f a composite number?
False
Suppose -42*u + 1348227 + 2530767 = 0. Is u a prime number?
True
Suppose 13*a - 9*a = 0. Suppose -4*g + 152 + 1152 = a. Suppose -2*f + u = -166, 3*f = -f - u + g. Is f composite?
True
Suppose -2505*f + 2387*f = 2279386 - 17170868. Is f a composite number?
False
Let z be (-9 - -8)/4 - (-34)/8. Suppose z*w - 1960 = 3132. Is w composite?
True
Let o be 45/(-10)*2 + 3. Suppose -4*k = k - 5*r - 170, 0 = 5*k + 5*r - 180. Is o/10 + 1806/k + 6 a composite number?
True
Let m = 58 + -61. Let v be (m + 0)*18/(-27). Suppose i - 479 = v*p, -p = 4*i - 0*p - 1916. Is i a composite number?
False
Let b(a) = a**2 - 9*a + 53. Let r be b(-26). Suppose -3*z + 2088 = 2*k - 2054, 2*z = 5*k + 2736. Let g = z - r. Is g prime?
False
Let f = 14 - 10. Suppose f*t = 0, 0 = 4*u + u + 5*t - 21885. Suppose y + a - 873 = 0, 5*y + 2*a - u = -0*a. Is y a prime number?
True
Suppose -28 = -3*l + 2*l - 2*t, 0 = -4*l - t + 84. Let s(r) = 5 + 10*r**2 + 13*r**2 - r**2 - r**3 - 6*r. Is s(l) prime?
False
Is (-109)/4*(-14 - 2550) composite?
True
Let t(x) = x**3 - 2*x**2 - 34*x - 7. Let v be t(7). Suppose 3*g = 3*q - 24, v = -0*q + q + 5*g + 22. Suppose q*m - 6*m + 915 = 0. Is m prime?
False
Let p(x) = -49*x + 116. Let c be p(2). Let z be 215/((-14234)/(-7116) + -2). Is (-4)/c + (z/27)/10 a prime number?
True
Let b be 57/6 - (-1)/(-2). Suppose 2*h + b = 1. Is (h - -523)*(-20)/(-12) prime?
False
Let c be 51488/6 + 4/6. Let i = 485 + -481. Is ((6/i)/3)/(7/c) a composite number?
False
Let d(l) = l**3 + l**2 - 13*l - 7. Let g be d(-3). Suppose g*i = 11482 + 8664. Is i prime?
True
Let k = 166 - 146. Suppose 13*u - k*u = -5705. Is u prime?
False
Let f = -36537 + 93956. Is 